*(-6)/(-9). Calculate the greatest common divisor of x and a.
12
Let i = 13 + -5. Let d(o) = 17*o + 7. Let u be d(i). Suppose 4*g = 4*n - 3*n + u, -2*g - n = -73. What is the highest common divisor of g and 24?
12
Suppose 80 = 4*g - 5*l, -g - 3*l + 3 = -0*l. Suppose 3*r + 3*f = f + 46, 6 = 3*f. Let d = 91 + r. Calculate the highest common factor of d and g.
15
Let q(t) = -t**3 + t**2 + 5*t + 3. Let l be q(-6). Calculate the greatest common divisor of l and 25.
25
Let w(s) = s**3 + 7*s**2 - s + 6. Let d be w(-5). Suppose -51 = -x + d. Suppose -9 = -o + x. What is the highest common divisor of 11 and o?
11
Suppose a = 4*a - 30. What is the highest common divisor of a and 90?
10
Suppose q - 3*q + 10 = 0. Suppose 150 = 5*p - q*z, 4*p - 62 = 5*z + 53. What is the greatest common factor of p and 5?
5
Let r(g) = g**2 + g - 1. Let i be r(0). Let c = i + 0. Let h = c - -13. Calculate the greatest common factor of 84 and h.
12
Let s(m) = 11*m + 1. Suppose -y = 3*y - 4. Let k be s(y). What is the highest common divisor of k and 30?
6
Suppose -3*f - f = -124. Calculate the highest common factor of f and 279.
31
Let m(v) = 6*v - 4*v - 4*v - 2 - 2*v**2 + v**3. Let h be m(5). Let r be (-5 + -2)*1/(-1). What is the greatest common divisor of h and r?
7
Let p(c) = -c**3 + 8*c**2 - 8*c - 12. Let x be p(6). What is the greatest common divisor of x and 24?
12
Suppose -4*p - 5*k = -56, -2*p - 2*k - 70 = -7*p. Let i be (-3 - 0 - -10) + 0. Calculate the greatest common factor of p and i.
7
Let d(s) = 9*s - 7. Let c be d(7). Calculate the highest common factor of c and 8.
8
Let t be 0*(0 + -1) + 4. Let z be 3/(-15) + 63/15. What is the highest common factor of t and z?
4
Let k be 2/4 - 15/(-6). Let m be -3 - (-8 - (3 - 3)). Suppose -4*t = m*l - 18, -k*l - t - 2*t = -12. What is the highest common divisor of l and 2?
2
Let l = -28 - -40. Calculate the highest common factor of 4 and l.
4
Suppose 64 = 4*l + 5*o, 4*l = 3*l + 4*o - 5. Let r be (-194)/(-6) + 4/6. Calculate the highest common factor of r and l.
11
Suppose 38 = 5*n + 4*v - 68, 5*n - 5*v = 70. Calculate the highest common factor of 126 and n.
18
Suppose -2*c + 39 - 9 = 0. Suppose 102 = -7*t + 312. What is the greatest common factor of t and c?
15
Suppose -3*q = 2*j - 31, 0 = -4*q + 6 + 14. Calculate the highest common factor of j and 2.
2
Suppose 0 = -2*h - 2, 2*j + 5*h - 67 = 6*j. Let k be j/(-14) + (-2)/7. Suppose -11 = -r + k. What is the greatest common divisor of r and 12?
12
Suppose 2*k = 47 + 63. What is the highest common divisor of k and 165?
55
Suppose -5*z - 8 = -28. Calculate the highest common divisor of 16 and z.
4
Let b = 3 - 0. Suppose -12 = 3*u - 5*h, b*u - 2*u = 3*h - 8. Suppose -4*t + 27 = -g, -u = -2*t + 3*g - 0. Calculate the greatest common factor of t and 40.
8
Let m(j) = -j**3 + 7*j**2 - 5*j - 4. Let l be m(5). Calculate the highest common divisor of 21 and l.
21
Let b(w) = -w**3 - 6*w**2 - w + 6. Let i be b(-6). Let f be (4/10)/((-2)/(-20)). Suppose d - f = -0*d. What is the greatest common factor of d and i?
4
Suppose 31 = 2*r - 0*r + w, 4*r = 4*w + 44. Calculate the highest common factor of r and 98.
14
Let z be 204*(-3)/(-12)*2. Suppose 0*i = 3*i - z. Calculate the greatest common divisor of 85 and i.
17
Let r be (40/(-6))/(1*(-1)/15). Calculate the greatest common divisor of r and 60.
20
Suppose -57*q = -60*q + 135. Calculate the greatest common divisor of q and 5.
5
Let q = 0 + 5. Suppose -146 = -q*y - p + 5, 2*y + 5*p - 65 = 0. Calculate the greatest common factor of 20 and y.
10
Suppose 18 = 2*i - i. Let s be -3 + 1 + 11 + 3. Calculate the greatest common divisor of i and s.
6
Suppose 0 = -4*s + 10 + 2. Calculate the greatest common divisor of 1 and s.
1
Suppose 0 = -2*t - 0*t + 14. What is the greatest common factor of 63 and t?
7
Let z(k) = -k**3 - 4*k**2 + 5*k + 6. Let y be z(-5). Calculate the greatest common factor of 6 and y.
6
Let d(i) = -i - 7. Let o be d(-6). Let n = o + 7. Suppose -3 = 3*q, -4*x + 4*q = -6 - 46. What is the highest common factor of x and n?
6
Let d(q) be the first derivative of -q**2/2 - 2*q + 4. Let u be d(-7). What is the highest common divisor of u and 35?
5
Let b = 1 + 4. Suppose b*p + 1 = -4. Let t be p/(-2) - 175/(-2). What is the greatest common divisor of t and 22?
22
Suppose 0 = 12*b - 5*b - 42. What is the highest common factor of 12 and b?
6
Suppose 5*i + 2*j - 97 = 0, 5*j + 3 = -17. Suppose 0 = 4*f - 65 + i. Calculate the highest common factor of 55 and f.
11
Let h(v) = v**3 - 5*v**2 + 4*v + 4. Let w be h(4). Suppose 2*l = -0*l - 5*j + 10, 3*j - w = -l. What is the highest common divisor of l and 50?
10
Let f(j) = -j**3 + 7*j**2 + 2*j - 8. Let o be f(7). What is the highest common factor of o and 15?
3
Suppose 4*j = -j + 60. What is the greatest common divisor of 24 and j?
12
Let c(j) = 3*j - 2. Let y be c(6). Calculate the greatest common divisor of 176 and y.
16
Let p be 1119/15 + 2/5. Calculate the greatest common divisor of 30 and p.
15
Let v(d) = d**2 - 6*d - 3. Let f be v(6). Let m = f - -10. Calculate the greatest common divisor of 56 and m.
7
Suppose 2*o + 0*o = 42. Calculate the highest common factor of o and 7.
7
Let o(y) = 127*y**2 - 34*y + 33. Let d be o(1). Let q = 4 - 0. Suppose -3 = -x, -2*x - 66 = -q*i - 0*i. What is the highest common factor of i and d?
18
Let r be 10/(-55) + (-150)/22. Let x be 2/r - 258/(-21). Calculate the highest common factor of 36 and x.
12
Let a(r) = 6*r**2 + r - 1. Let d be a(-4). Let w = 143 - d. Let y be 3*-1 - -1 - -15. What is the greatest common divisor of w and y?
13
Let d = 42 - 21. Calculate the highest common factor of d and 63.
21
Suppose -3 = t - 6. Let u(g) = -1 + 4*g - t + 2. Let m be u(3). Calculate the greatest common divisor of m and 10.
10
Let o be 6/(-4)*8/6. Let x = 6 + o. Let p = 2 - 0. What is the greatest common divisor of p and x?
2
Suppose 22 = 5*u - w, 1 = w - 2. Suppose -u*t + 548 = 188. Calculate the highest common divisor of t and 8.
8
Let j be 6/(-2) - (-4 + -9). Calculate the highest common divisor of j and 30.
10
Let s be 623/35 + (-1)/(-5). Calculate the greatest common factor of 6 and s.
6
Let g(o) = -14*o + 3. Let q be g(-3). Let c(u) = u**2 - 10. Let m be c(5). Let v = 0 + m. What is the highest common factor of v and q?
15
Let f = 0 + 1. Let b = f - -6. Suppose 304 - 269 = 5*t. Calculate the greatest common factor of b and t.
7
Let v be -10 - 1 - 0 - -2. Let a = -4 - v. What is the highest common factor of a and 15?
5
Suppose -k - 5*h = -146, 4*k - 6*k = -4*h - 236. Let f = 47 - 33. Calculate the greatest common divisor of f and k.
14
Let b = -148 + 244. Calculate the greatest common factor of b and 24.
24
Let j = -35 - -51. Let d be 240/2*(-6)/(-5). Calculate the highest common divisor of j and d.
16
Suppose -129*j = -127*j - 24. What is the greatest common factor of 16 and j?
4
Let f = 10 - -45. What is the greatest common divisor of 5 and f?
5
Let y = 7 + -5. Suppose -y*s = 3*s - 35. What is the highest common divisor of 49 and s?
7
Let f(z) = -z**2 + z - 1. Let m be f(2). Let h be m/2*(-12)/(-9). Let y = h + 14. Calculate the highest common factor of y and 36.
12
Suppose 2*i = -5*f + 1 + 24, -4*i - 15 = -3*f. Let n = -6 - -11. Suppose -n*c = -i*c - 520. Calculate the greatest common divisor of c and 13.
13
Suppose -5*d = -4*i + 16, -5*d - 4 = 5*i - 24. Suppose -i*h + 21 + 3 = 0. What is the greatest common factor of 3 and h?
3
Suppose x + 15 = 4*x. Let k be -2*(85/(-2))/x. Suppose 3*d - l = l + 46, k = d + l. Calculate the highest common factor of d and 128.
16
Let b be 1 + (-2 - 2 - -30). Calculate the greatest common factor of 18 and b.
9
Suppose -9*q - 96 = -12*q. Calculate the highest common divisor of 16 and q.
16
Suppose 14 + 3 = 5*u - 2*l, -3*u = -l - 11. Let b be 2/3 - (-978)/18. Calculate the highest common divisor of b and u.
5
Suppose 2*j - 4*j + 60 = 0. Suppose -203 = -3*b + 67. Let i be (6/15)/(3/b). Calculate the greatest common divisor of j and i.
6
Suppose 2*n + 3 - 9 = 0. Let r(y) = 2*y - 2*y**2 + y**n + 0*y**2 - 4*y**2. Let x be r(6). What is the greatest common factor of x and 8?
4
Let d be (2/2)/((-4)/(-28)). Suppose -t + 4*o + 10 = 0, 2*o = 3*t - o - 12. Let l be (t - -12)*8/2. What is the highest common factor of d and l?
7
Let s be